f 696467?
41, 16987
List the prime factors of 195881.
7, 27983
What are the prime factors of 876425?
5, 11, 3187
List the prime factors of 985525.
5, 79, 499
List the prime factors of 3946681.
3946681
What are the prime factors of 72697?
139, 523
What are the prime factors of 13748301?
3, 7, 218227
What are the prime factors of 4481589?
3, 7, 43, 709
What are the prime factors of 1227735?
3, 5, 27283
What are the prime factors of 4511105?
5, 23, 39227
What are the prime factors of 5740292?
2, 67, 21419
List the prime factors of 136467.
3, 59, 257
List the prime factors of 77818.
2, 13, 41, 73
List the prime factors of 1921558.
2, 23, 37, 1129
List the prime factors of 831013.
23, 36131
What are the prime factors of 345201?
3, 115067
What are the prime factors of 6140348?
2, 947, 1621
List the prime factors of 81422.
2, 11, 3701
What are the prime factors of 47711?
47711
List the prime factors of 15157832.
2, 1894729
What are the prime factors of 124696?
2, 11, 13, 109
List the prime factors of 1822021.
1822021
List the prime factors of 5821321.
11, 37, 14303
What are the prime factors of 748485?
3, 5, 16633
List the prime factors of 8876099.
8876099
List the prime factors of 5294043.
3, 41, 14347
What are the prime factors of 19129212?
2, 3, 29, 73, 251
What are the prime factors of 4349832?
2, 3, 181243
What are the prime factors of 13936422?
2, 3, 31, 2417
List the prime factors of 463799.
7, 59, 1123
What are the prime factors of 250599?
3, 103, 811
List the prime factors of 60228.
2, 3, 7, 239
List the prime factors of 696595.
5, 127, 1097
What are the prime factors of 1562004?
2, 3, 1607
What are the prime factors of 5003633?
5003633
What are the prime factors of 7078179?
3, 2359393
What are the prime factors of 7565654?
2, 617, 6131
What are the prime factors of 416954?
2, 163, 1279
What are the prime factors of 1129561?
1129561
What are the prime factors of 66070?
2, 5, 6607
What are the prime factors of 61212?
2, 3, 5101
What are the prime factors of 1823075?
5, 72923
What are the prime factors of 492879?
3, 19, 8647
List the prime factors of 609623.
7, 73, 1193
What are the prime factors of 30823260?
2, 3, 5, 13, 43, 919
What are the prime factors of 9513749?
7, 409, 3323
List the prime factors of 9326829.
3, 17, 43, 4253
What are the prime factors of 227144?
2, 28393
What are the prime factors of 3477411?
3, 7, 6133
What are the prime factors of 624015?
3, 5, 7, 283
What are the prime factors of 4711089?
3, 109, 14407
What are the prime factors of 15202222?
2, 7, 1085873
List the prime factors of 140561.
367, 383
What are the prime factors of 997488?
2, 3, 2309
List the prime factors of 743594.
2, 371797
List the prime factors of 6748149.
3, 41, 83, 661
What are the prime factors of 7854566?
2, 769, 5107
List the prime factors of 899933.
61, 14753
List the prime factors of 3516756.
2, 3, 17, 17239
List the prime factors of 5140074.
2, 3, 743, 1153
List the prime factors of 197286.
2, 3, 131, 251
List the prime factors of 515334.
2, 3, 85889
What are the prime factors of 1086767?
11, 31, 3187
List the prime factors of 905252.
2, 226313
List the prime factors of 795443.
11, 72313
What are the prime factors of 4201288?
2, 7, 13, 29, 199
List the prime factors of 1119315.
3, 5, 71, 1051
What are the prime factors of 1327333?
7, 189619
List the prime factors of 996184.
2, 7, 17789
What are the prime factors of 28829195?
5, 17, 71, 281
List the prime factors of 4616969.
7, 41, 16087
What are the prime factors of 4873249?
1499, 3251
What are the prime factors of 6511357?
17, 19, 1061
List the prime factors of 4927659.
3, 11, 149323
List the prime factors of 134593.
134593
List the prime factors of 6212139.
3, 23, 90031
List the prime factors of 4693176.
2, 3, 65183
List the prime factors of 222582.
2, 3, 37097
List the prime factors of 401299.
19, 21121
List the prime factors of 8804968.
2, 73, 15077
What are the prime factors of 5901646?
2, 443, 6661
List the prime factors of 6425283.
3, 911, 2351
What are the prime factors of 165284?
2, 7, 5903
List the prime factors of 28042859.
13, 61, 35363
What are the prime factors of 252203?
7, 5147
List the prime factors of 2950536.
2, 3, 122939
List the prime factors of 115641.
3, 4283
List the prime factors of 4838409.
3, 613, 877
What are the prime factors of 630337?
43, 107, 137
What are the prime factors of 8722948?
2, 13, 271, 619
What are the prime factors of 168264?
2, 3, 19, 41
What are the prime factors of 152076?
2, 3, 19, 23, 29
List the prime factors of 674718.
2, 3, 11, 10223
List the prime factors of 1034829.
3, 38327
List the prime factors of 1400427.
3, 7, 22229
What are the prime factors of 1284034?
2, 223, 2879
List the prime factors of 424957.
13, 97, 337
What are the prime factors of 2704044?
2, 3, 7, 32191
What are the prime factors of 2809303?
7, 401329
What are the prime factors of 7421744?
2, 11, 42169
List the prime factors of 639177.
3, 7, 11, 2767
What are the prime factors of 556441?
556441
What are the prime factors of 664712?
2, 83089
What are the prime factors of 706268?
2, 19, 9293
List the prime factors of 2334424.
2, 31, 9413
What are the prime factors of 203156?
2, 50789
What are the prime factors of 1517710?
2, 5, 151771
What are the prime factors of 693232?
2, 37, 1171
List the prime factors of 3808572.
2, 3, 41, 7741
What are the prime factors of 208022?
2, 47, 2213
What are the prime factors of 40418?
2, 7, 2887
What are the prime factors of 7831709?
127, 61667
What are the prime factors of 99449?
7, 14207
List the prime factors of 529577.
529577
List the prime factors of 25071194.
2, 12535597
What are the prime factors of 3135559?
7, 89, 719
List the prime factors of 30652.
2, 79, 97
What are the prime factors of 60708?
2, 3, 5059
What are the prime factors of 144503?
83, 1741
List the prime factors of 2068398.
2, 3, 151, 761
List the prime factors of 10970339.
197, 233, 239
List the prime factors of 753978.
2, 3, 53, 2371
What are the prime factors of 705586?
2, 7, 101, 499
What are the prime factors of 529584?
2, 3, 11, 17, 59
What are the prime factors of 4297286?
2, 7, 306949
What are the prime factors of 3192487?
3192487
List the prime factors of 350704.
2, 23, 953
List the prime factors of 275482.
2, 181, 761
List the prime factors of 747936.
2, 3, 7, 53
List the prime factors of 29645592.
2, 3, 73, 16921
What are the prime factors of 107405?
5, 21481
What are the prime factors of 3059265?
3, 5, 11, 18541
List the prime factors of 43387.
43, 1009
What are the prime factors of 302533?
7, 11, 3929
List the prime factors of 1835968.
2, 28687
What are the prime factors of 41460?
2, 3, 5, 691
What are the prime factors of 7615672?
2, 951959
What are the prime factors of 7913370?
2, 3, 5, 31, 67, 127
List the prime factors of 60014.
2, 37, 811
What are the prime factors of 2409140?
2, 5, 163, 739
What are the prime factors of 172574?
2, 86287
List the prime factors of 2767031.
47, 113, 521
What are the prime factors of 2386709?
13, 183593
What are the prime factors of 12597464?
2, 11, 37, 53, 73
What are the prime factors of 227832?
2, 3, 11, 863
What are the prime factors of 356373?
3, 67, 197
What are the prime factors of 1582606?
2, 257, 3079
List the prime factors of 6900066.
2, 3, 191, 223
What are the prime factors of 335688?
2, 3, 71, 197
What are the prime factors of 38461?
38461
What are the prime factors of 276035?
5, 55207
What are the prime factors of 2069230?
2, 5, 206923
List the prime factors of 439532.
2, 109883
What are the prime factors of 239134?
2, 7, 19, 29, 31
What are the prime factors of 70540?
2, 5, 3527
List the prime factors of 2509956.
2, 3, 113, 617
What are the prime factors of 285386?
2, 31, 4603
List the prime factors of 3306715.
5, 661343
List the prime factors of 4999348.
2, 1249837
List the prime factors of 13008026.
2, 17, 382589
What are the prime factors of 1469362?
2, 271, 2711
What are the prime factors of 808887?
3, 19, 23, 617
What are the prime factors of 417681?
3, 11, 4219
List the prime factors of 358889.
191, 1879
What are the prime factors of 2538935?
5, 7, 43, 241
What are the prime factors of 754942?
2, 377471
What are the prime factors of 33979?
11, 3089
What are the prime factors of 1139143?
1139143
Wh